ppose -6*w - 3*l = -2*w - 2259, 558 = w + 3*l. Suppose -w = -10*x + 323. Let q = -24 + x. What are the prime factors of q?
5, 13
Let k = -2430 - -4766. What are the prime factors of k?
2, 73
Suppose 3*s + 27563 = 18*g - 16*g, 5*g - 68920 = 5*s. What are the prime factors of g?
13789
Suppose 3044*y = 3057*y - 559. List the prime factors of y.
43
Let t(f) = -659*f**2 - f + 1. Let a be t(-1). Let v = -142 - a. List the prime factors of v.
5, 103
Suppose 193 + 827 = 68*t. Suppose -t*g + 40*g = 38275. List the prime factors of g.
1531
Let g = 128 - 121. What are the prime factors of g*(36/(-60) + 716/10)?
7, 71
Let y(b) be the second derivative of b**4/12 + b**3/2 + 93*b**2/2 + 449*b. Suppose 4*p + 0*p = 0. List the prime factors of y(p).
3, 31
Suppose -67*m = -25*m + 4578. Let x = 129 - m. List the prime factors of x.
2, 7, 17
Let p(j) = -2*j**3 + 13*j**2 + 13*j - 8. Suppose -7*k + 5*k = 3*y - 12, 2*y - 4*k = 24. List the prime factors of p(y).
2, 53
Let c = -23 + 79. Suppose 0 = 2*o - 10, 2*q - 4*o + 0 + c = 0. Let w = 0 - q. List the prime factors of w.
2, 3
What are the prime factors of (24279 - 107)*6/4?
2, 3, 6043
Let y(k) = -3*k**3 + k**2 - 2*k - 2. Let j be y(-1). Suppose 8*d - 1616 = 5*d - j*w, -2155 = -4*d - 5*w. List the prime factors of d.
2, 3, 5
Let k = -8473 + 5061. List the prime factors of k/((-20)/5) + 7.
2, 5, 43
Suppose -3*r + 6334 = -2*f + 1717, -4608 = -3*r + 5*f. Let o = r + -1045. What are the prime factors of o?
2, 31
Let a = -20668 - -29342. List the prime factors of a.
2, 4337
Let v(x) = 4160*x + 1078. List the prime factors of v(16).
2, 3, 11273
Let c(i) be the first derivative of 11*i**3/3 + 16*i**2 + 6*i + 22. List the prime factors of c(-5).
11
Let b(n) = n**2 - 12*n - 28. Let r be b(14). Suppose -5*m + 1808 + 807 = r. List the prime factors of m.
523
Suppose -2*o - 4*o = -12. Suppose o*p - 24 = -4*p. Suppose 0*d = -p*d + 20, 465 = 5*m - 4*d. List the prime factors of m.
97
Let t(s) = s - 2. Suppose 0 = 4*n - 3 - 9. Let d be t(n). List the prime factors of 62 - (-4)/(d + 1).
2
Suppose -21*u = -3*x - 19*u + 118588, 3*x = 3*u + 118581. List the prime factors of x.
2, 3, 11, 599
Suppose 4*k - 14*j + 12*j = 164654, 5*j = 5. What are the prime factors of k?
2, 41, 251
Let m be 1/((-1)/24*1). Let w be (2/3)/((-4)/m). List the prime factors of 116/(-20)*(-1 - w).
29
Let w = 70 - 50. Suppose -a = -0*a + w. List the prime factors of 4*(1 - 165/a).
37
Let n(d) = -d**3 + 6*d**2 - 4*d - 4. Let t be n(5). Suppose 2*q = -p + 892, 0*q - q = t. Suppose -p = -8*j + 594. What are the prime factors of j?
2, 3, 31
Let v(h) = -16*h + 5. Let x(u) be the third derivative of -u**6/120 - u**5/15 + 5*u**4/24 - 5*u**3/6 + 7*u**2. Let b be x(-5). List the prime factors of v(b).
5, 17
Let z(t) be the first derivative of 12*t**2 + 232*t + 6. List the prime factors of z(16).
2, 7, 11
Let q = -221 + 135. Let y = q + 86. Suppose 4*f + 4*m = 154 + 46, 5*f - 2*m - 257 = y. List the prime factors of f.
3, 17
Let w(n) = -2*n**3 + 78*n**2 - 25*n - 23. What are the prime factors of w(38)?
5, 383
Let r = -4218 - -2993. Let a = -712 - r. What are the prime factors of a?
3, 19
Let l(n) = -4761*n**3 + 2*n**2 - 10*n - 12. Let f be l(-1). Suppose 7*x - f = 930. What are the prime factors of x?
3, 271
Suppose 4*y - 329 = u, -5*y - 3*u = -0*u - 390. List the prime factors of 11616/27 + (-18)/y.
2, 5, 43
Let u = 1264 - -7972. What are the prime factors of u?
2, 2309
What are the prime factors of -6 + 2 + 6213 + -50?
3, 2053
Let n = 5 + -20. Let s be 13/(27/n - -2). What are the prime factors of 2*-5*(-208)/s?
2
Suppose 26414 = -13*r + 15*r + 2*m, 3*r - 2*m - 39636 = 0. List the prime factors of r.
2, 5, 1321
Suppose 9*v + 2*v = -4*v + 35835. List the prime factors of v.
2389
Suppose 4*k = -3*w + 49792, -2*w + 12448 = 22*k - 21*k. List the prime factors of k.
2, 389
Let r = 50457 - 1377. What are the prime factors of r?
2, 3, 5, 409
Suppose p + 9*p - 7800 = 0. Let i = -155 + p. What are the prime factors of i?
5
Suppose 2*o + 0*o = 10, -3*m + 4*o - 92 = 0. Let c = m - -482. List the prime factors of c.
2, 229
Suppose -28*a - 162342 = -57*a. List the prime factors of a.
2, 3, 311
Let x be 642/(-15)*(8 - 13). Suppose 0 = -2*j + x + 62. List the prime factors of j.
2, 3, 23
Let o = 1232 - 800. Suppose 8304 = o*s - 426*s. What are the prime factors of s?
2, 173
Let k = 15434 - -8069. What are the prime factors of k?
19, 1237
Suppose -5*i - 129 = 3*w, 4*i + 87 = i - 5*w. Suppose 0 = p + 4*t + 29, -p + 14*t = 15*t + 17. Let l = p - i. What are the prime factors of l?
11
Let m = 10586 + -3291. Suppose 0 = -32*t + 4225 + m. List the prime factors of t.
2, 3, 5
Let k be (-549)/(-6) + 2/(-4). Let c = 98 - k. List the prime factors of ((-3760)/140)/((-2)/c).
2, 47
Suppose 6 = -3*b, -s - 81 = 2*b - 7*b. Suppose 2*h - d + 30 + 89 = 0, -3*h - 4*d = 195. Let j = h - s. What are the prime factors of j?
2, 3, 5
List the prime factors of 6 - (-196)/(-35) - (-226865)/25.
3, 5, 11
Let k = 102 - 193. Let o = k + 86. Let b(q) = -q**3 + 2*q**2 + 2*q + 17. List the prime factors of b(o).
2, 7, 13
Let a = -12 + 21. Suppose -2*r = -a*r + 1295. Suppose -m - 6*f = -2*f - r, -5*m - 3*f + 925 = 0. What are the prime factors of m?
5, 37
Suppose -51*u + 1485 = -40*u. Suppose 18*z = 21*z - u. What are the prime factors of z?
3, 5
Suppose -287*v - 860652 = -305*v. List the prime factors of v.
2, 3, 13, 613
Let c = 8 - 4. Suppose 3*z + 9 = 0, -c*u + 0*z + 432 = -4*z. List the prime factors of u.
3, 5, 7
Suppose -4*s + 3*k = 250 - 2705, 2*s - 4*k - 1220 = 0. Suppose 23*p + s = 25*p. List the prime factors of p.
2, 7, 11
Let p be 74/(-3) - (-56)/(-42). Suppose 9 = -5*b - 76. Let r = b - p. What are the prime factors of r?
3
Let b(u) = -5*u**2 + 10*u - 18. Let w(o) = -3*o**2 + 5*o - 9. Let c(v) = 4*b(v) - 7*w(v). Let m be c(-5). What are the prime factors of (-3)/m + (-195)/(-9)?
2, 11
Suppose 18*p - 16 = -16. Suppose 6*j + 22*j - 15848 = p. What are the prime factors of j?
2, 283
Let n(q) = -18*q - 152. Let j be n(-9). List the prime factors of -33*j/15*68/(-8).
11, 17
Suppose -81 = 7*h - 116. Suppose 8*m - 10*m + 786 = 5*z, 0 = -z + h*m + 141. What are the prime factors of z?
2, 3, 13
Let z(k) = -36*k - 3. Let d be z(1). List the prime factors of (-606)/(-4)*(-26)/d.
101
Suppose 45 = 186*t + 189*t - 380*t. Let u be (1 - 0)/(1/(-3)). List the prime factors of u + 3/t*-177.
2, 7
Let i = -38094 + 46688. List the prime factors of i.
2, 4297
Suppose -g = 5, 5*g - g = -u + 60. Suppose 3*z = -2*z - 4*q - 373, 157 = -2*z + q. Let t = u + z. List the prime factors of t.
3
Let q(f) = -f**2 + 20*f - 20. Let m be q(14). Let c(w) = 11*w + 94. Let y be c(7). Let r = y - m. What are the prime factors of r?
107
Suppose -2*h + 0*u = 16*u - 22730, h - u - 11410 = 0. What are the prime factors of h?
5, 2281
Suppose -3*l - l + 125 = -5*m, -4*l = -3*m - 123. Suppose 4*w + 18 = l. Suppose w*k - 5*v = 2*k + 27, -4*k = -3*v - 57. List the prime factors of k.
2, 3
Suppose -5*z = -4*z + 4*p - 114, 0 = -3*z - 3*p + 315. Let d(b) = 7*b + 1. Let c be d(6). Let t = z - c. What are the prime factors of t?
59
Suppose 0*g = 3*c - g + 1, 5 = -2*c + 5*g. Suppose c = -4*s - 5*r - 319 - 810, 4*r - 12 = 0. Let n = -195 - s. List the prime factors of n.
7, 13
Let y be 18 - 23 - (-5 - 2 - 0). Suppose y*k + 174 = 1534. What are the prime factors of k?
2, 5, 17
Let t be ((-2)/(-6))/(2/127662) - -3. Let u be t/323 - 4/(-34). Let l = -3 + u. What are the prime factors of l?
3, 7
Let i(u) = 11*u**2 - 137*u - 4254. List the prime factors of i(-28).
2, 11, 373
Suppose 39*w = -59*w + 3968608. List the prime factors of w.
2, 2531
Let j(g) be the second derivative of -5*g**3 + 121*g**2 + 232*g. List the prime factors of j(8).
2
Let p(g) = g**2 + 2*g + 95. Let c = -83 + 55. List the prime factors of p(c).
823
Let h = -1937 - -5020. What are the prime factors of h?
3083
Let x = 54 - -83. Suppose -8*d + 361 = 1009. Let u = x + d. What are the prime factors of u?
2, 7
Let a be (-4)/(-16) - ((-20)/(-16) + -5). Suppose -a*s - 2332 = -21*f + 16*f, 0 = -2*f + s + 934. What are the prime factors of f?
2, 3, 13
Let f(a) = 44*a - 14. Suppose -5 = -4*c - 1, -5*c - 16 = -3*d. Let h be f(d). Let w = h - 43. What are the prime factors of w?
251
Suppose -975*x 